 - 11*a**3/2 + 114*a**2 + 7708*a. What is h(10)?
-2
Suppose -33 = -i - 22. Suppose 13*v + 5*f = 10*v + 41, v - i = -f. Let x(y) = -y - 9. Determine x(v).
-16
Suppose -44*b = -52*b + 360. Suppose -b + 70 = -5*o. Let f(u) = u + 5. What is f(o)?
0
Let o(z) = 6 + z - 20 + 44. Let u be o(-20). Suppose -6*x - 22 = -u. Let y(c) = 2*c**3 + c**2 - 3*c - 2. Give y(x).
-8
Let h(d) = -12*d**2 + 152*d - 79. Let o(i) = 3*i**2 - 37*i + 19. Let n(k) = -6*h(k) - 25*o(k). Give n(4).
3
Let n(a) = 17*a**3 + 2*a + 2. Suppose 0 = -2*d + 6*j - 26, -20*j - 13 = 5*d - 22*j. What is n(d)?
-17
Let z = 4 + -2. Let c be -40*(-59564)/10 - 2*2. Let h(d) = 0 + 5*d - 1 - c*d**2 + 238251*d**2. Calculate h(z).
5
Let x(i) = -1. Let p(l) = -2*l + 5. Let c(f) = f. Let u(o) = 3*c(o) + p(o). Let h(g) = -u(g) - 5*x(g). What is h(-8)?
8
Let w(s) = -s**3 + 63 + s - 123 + 65 - 9*s**2 - 9*s. Determine w(-8).
5
Let k(b) = -2 + 11 + 4*b + b**3 + 2992*b**2 - 2977*b**2. Calculate k(-15).
-51
Let u(s) = -7 + 4 + 9*s - 2 + 5*s - 5 + 11. Let r be (-2)/((-1 + 2)/1). Let t(q) = 2*q + 3. Let f be t(r). Calculate u(f).
-13
Let z(c) = c**2 + 9*c - 14. Let a be z(8). Suppose -3*k + a = 5*t, 5*t - 19 = -2*k + 104. Let x(l) = l - 12*l**2 - 2*l + t*l**2. Calculate x(-1).
14
Let v(i) = -13057*i**2 + 2*i**3 + 5 - i**3 - 1 + 13049*i**2 + 7*i. Determine v(7).
4
Let w(s) = -s**2 + 30*s + 57*s - 86*s + 47. Give w(0).
47
Let d(a) = 22. Let p(g) = -38. Let y(w) = 7*d(w) + 4*p(w). Let l(j) = j + 10. Let s(h) = -l(h) + 3*y(h). Calculate s(-6).
2
Let m(s) be the second derivative of -1/12*s**4 - 19*s - 3*s**2 - 1/2*s**3 + 0. Let u be 4*-2*2/4. Determine m(u).
-10
Let m(s) be the third derivative of s**5/15 + s**4/12 + s**3/3 + 2*s**2. Let o be 79*(-2 + (-8)/(-1)). Suppose -3*g = -468 + o. Determine m(g).
14
Let o be 0 - 3 - (-1 - 1). Let k(f) = 40*f**3 + 15*f**2 + 2*f + 10. Let n(q) = -19*q**3 - 6*q**2 - q - 4. Let b(l) = 2*k(l) + 5*n(l). What is b(o)?
16
Let c(d) be the third derivative of d**5/60 + 5*d**4/24 - d**3/6 - 2*d**2. Let u(m) = -5*m - 13. Let g be u(-3). Let y be -2 + g/(4/(-4)). Give c(y).
-5
Suppose -27*z - 21 = -30*z. Suppose z*g - 67 = 3. Let d(n) = n - 12. Determine d(g).
-2
Let o be ((-44)/(-12))/11*-549. Let p = o + 185. Let h(f) be the second derivative of -f**5/20 - f**4/12 - f**3/3 - f**2/2 + 2*f. What is h(p)?
-17
Let g(q) = -q + 401 - 860 + 440. Determine g(28).
-47
Let i be (-58)/(0/(-3) - -1). Suppose 36*l - 40*l + 236 = 0. Let m = l + i. Let s(p) = 4*p**3 + 2*p**2 - 2*p + 1. Determine s(m).
5
Let o(n) = -n**2 - 3*n + 2. Let f be o(-8). Let m = f + 39. Let h(b) = -2 + m - 2 + 2*b + 2. Calculate h(5).
9
Let j(l) = 35*l - 180. Let w be j(5). Suppose -y + 0*y + 3*s + 18 = 0, 18 = 3*y + 3*s. Let v be (0 - y/(-6))/(w/(-10)). Let r(q) = q**2 - 4*q. Calculate r(v).
-3
Let i = 60 - 65. Let s be i*((-4 + 1 - -1) + 0). Suppose -u + j + s = -j, 4*j + 24 = 4*u. Let n(v) = -v**3 - v**2 + v + 2. Give n(u).
-8
Let v(y) = -y**2 + 47*y - 281. Let b(m) = 7*m**2 + 132*m - 285. Let r be b(2). Calculate v(r).
-1
Let b(n) = 4*n**2 - 15*n + 12. Let i(s) = s**2 - 3*s + 2. Let v(p) = p**3 - 6*p**2 + 21. Let g be v(4). Let c(h) = g*i(h) + 2*b(h). Calculate c(4).
-34
Let f(o) = 1016 - 35*o - 1304 + 775. Determine f(14).
-3
Let f(s) = 2*s**2 + 6*s + 1. Suppose -2*y + 27 = -3*q, 4*y - 1 - 43 = 4*q. Suppose y*n - 25 = 5*n. Let a = n - 29. Give f(a).
9
Let n(p) be the second derivative of -11*p**6/360 - p**5/120 + p**4/6 - 102*p**2 - 115*p. Let j(f) be the third derivative of n(f). Calculate j(1).
-23
Let v(g) = g**3 - 3*g**2 - g + 4. Let p(x) = x**2 + 49*x - 213. Let h be p(5). Suppose -216 = 5*q - 9*q. Let f = h - q. Give v(f).
1
Let b(t) be the third derivative of -t**5/60 - t**4/3 - 4*t**3/3 + 11594*t**2. Calculate b(-1).
-1
Let i(a) = 2*a - 102. Let k(c) = 18*c - 1026. Let r(o) = -21*i(o) + 2*k(o). Determine r(18).
-18
Let x(t) = -8*t**2 + 9*t + 21*t**2 + 1 - 10*t**3 - 8*t + 9*t**3 + 11*t. Give x(14).
-27
Suppose -126 = -17*t + 3*t. Let c(z) = -9 + 2 - 4 + t*z - 10*z. Determine c(-14).
3
Let i(n) = 8*n**3 + 5*n**2 + 5*n + 2. Let h(r) = -3*r**3 - 2*r**2 - 2*r - 1. Let w(l) = -11*h(l) - 4*i(l). Let f = -6709 - -6706. Determine w(f).
-12
Let h(k) be the second derivative of -5*k**3/3 - 25*k. Let g(a) = -2*a - 7. Let n be g(-5). Let y be 27/18*(-2)/n. Calculate h(y).
10
Let q be 15 - (12 - (-11 - -16)). Let z(a) be the third derivative of -1/6*a**3 + 0*a + 0 - q*a**2 - 3/40*a**6 + 0*a**5 + 0*a**4. Calculate z(1).
-10
Let p(f) = -f**3 + f**2 - f + 1. Suppose -d = -4*d - 3, -31 = 5*b + d. Let w(m) = -8*m**3 + m**2 - 6*m + 11. Let q(n) = b*p(n) + w(n). Calculate q(-3).
14
Let v(j) be the third derivative of j**2 + 1 - 1/24*j**4 + 0*j - 8/3*j**3. What is v(-8)?
-8
Suppose 26*y = 20*y + 30. Let n(k) = 11*k. Let r(d) = 2*d + 1. Let z(a) = y*r(a) - n(a). Determine z(4).
1
Suppose 50 - 230 = -30*r. Let n(y) = 4*y + 2*y - 3*y - 9. Calculate n(r).
9
Let o(a) = -3*a**2 + 16*a + 1. Let y(l) = -4*l**2 + 18*l - 1. Let n(z) = 5*o(z) - 4*y(z). Determine n(-4).
-7
Suppose -12 = -4*r - 4*g, -4*g + g = -2*r + 11. Let i(f) = -5*f**3 - 3*f**2 + f. Let s(k) = 11*k**3 + 7*k**2 - 2*k. Let a(w) = r*s(w) + 9*i(w). Calculate a(3).
-15
Let a(x) = 3*x**2 + 15*x - 12. Let y(n) = 4*n**2 + 23*n - 18. Let w(u) = -7*a(u) + 5*y(u). Let r be w(8). Let d(j) = j**3 - 11*j**2 + 9*j - 2. Calculate d(r).
-12
Let j(a) = 67*a - 275. Let n be j(5). Let z(d) = -6*d + d**3 + n*d**2 + d**3 - 54*d**2 + 2 - 3*d**3. Calculate z(5).
-3
Let l(o) = 15*o + 170. Suppose -4*g - 4*w = 64, -4*g + 7*w - 13 = -4. Determine l(g).
5
Let z(c) be the first derivative of -c**3/3 + 9*c**2 - 65*c - 6398. Calculate z(10).
15
Let j(n) = 4*n**2 - 51*n + 103. Let b be j(10). Let v(l) = -7*l + l**3 + 4*l**2 - 12*l**2 - 2*l**3 + 0*l**2 - 1. Determine v(b).
-1
Suppose -5*d + 149*r - 144*r = 60, 3*d = -3*r. Let v(s) = 3*s + 5. Calculate v(d).
-13
Suppose -2*m + 124 - 116 = 0. Let f(p) = -5*p**2 - 9*p. Let q(b) = b**2. Let k(z) = m*q(z) + f(z). Determine k(-8).
8
Let s(r) = r**2 + 2160 + 2167 + r - 4334 + 0*r. What is s(-3)?
-1
Let r(k) = 323*k + 6 - 142*k - 151*k - 3. Give r(2).
63
Let z = 456 + -280. Let v(d) = -6 + z*d - 85*d - 75*d - 3*d**2. Determine v(5).
-1
Suppose m + 2*m + k = 26, 0 = -m + k + 6. Let h = m + -1. Let o(j) be the first derivative of -j**4/4 + 2*j**3 + 4*j**2 - 4*j - 106. Give o(h).
3
Let j(r) = -r**3 - 5*r**2 + 5*r - 1. Let b be j(-6). Let w(f) = -39 + 180*f - 42 - 103*f - 71*f + 74 - f**2. Give w(b).
-2
Let s(i) = 2252*i + 123*i**2 - 136*i**2 + 17 - 2251*i - i**3. What is s(-13)?
4
Let y(h) = -37*h + 20. Let p(g) = 9*g - 5. Let f(i) = -9*p(i) - 2*y(i). Suppose 0 = -6*j + 11 + 7. What is f(j)?
-16
Let f(g) = 3*g**2 + 12*g + 10. Suppose -y = -7*c - 10, 10 = 2*c - 4*y - 2. Give f(c).
-2
Let b(n) = n. Let x(y) = y - 1. Let v(w) = -5*b(w) + 6*x(w). Let q(h) be the third derivative of h**3/6 + 2*h**2 + 6. Let l(k) = -4*q(k) - v(k). Calculate l(7).
-5
Suppose -171700*i - 24 = -171706*i. Let h(n) be the third derivative of -31*n**2 - 1/60*n**5 + 0*n + 0 + 1/4*n**i - 1/6*n**3. What is h(5)?
4
Let t(n) be the third derivative of n**4/24 + n**3 - 3097*n**2 + 2*n. Suppose -4*m - 5 - 19 = 0. Determine t(m).
0
Suppose 284*g + 135 = 269*g. Let v(o) = -33*o + 68*o + 3 - 34*o + 9. Calculate v(g).
3
Let f(k) be the second derivative of k**3 + 25*k**2/2 - 4*k + 55. Calculate f(-8).
-23
Suppose 1 = 4*u - 11. Let h(b) = -51*b**2 - 2*b + 1 - 3*b + 43*b**2 + 3*b**2 + 6*b**2. Let w be h(u). Let z(l) = -l - 4. Give z(w).
1
Let m = -3 - -6. Suppose -33 = 3*h - 14*h. Let w(t) = 2*t + 2*t + h - t - 5*t. Calculate w(m).
-3
Let h be (-1358)/(-582)*2/28. Let s(d) be the third derivative of 1/12*d**4 + 10*d**2 + 0*d + 0 - h*d**3. Give s(7).
13
Let r = -2 - -6. Let t(w) be the second derivative of -1/12*w**4 + 8 - 3*w**2 - 3*w + w**3. Calculate t(r).
2
Let w(a) = a**3 - 3*a**2 + 8*a + 8. Let s(g) = 4*g**3 - 17*g**2 + 45*g + 47. Let b(r) = -3*s(r) + 17*w(r). Determine b(2).
37
Suppose -3*p = 2*p - 210. Suppose 3*g - p = -11*g. Let s(a) = -2*a**2 + 2*a - 3. Determine s(g).
-15
Let k be 33/363 - (-136)/(-44). Let y(f) = -f - 9. Let o(c) be the first derivative of c**2 + 19*c + 1. Let l(u) = 6*o(u) + 13*y(u). What is l(k)?
0
Let r(y) = -y**3 - 6*y**2 - 6*y - 19. Suppose 23*c + 7 + 145 = 14. Determin